 149*f**2 + 7*f - 6. What is the units digit of q(2)?
4
Suppose 0 = 5*n - 2 - 18. Suppose -4*z + 156 = 5*a, 5*a + 9*z = n*z + 160. Let w = -6 + a. What is the units digit of w?
2
Suppose 26*a - 6669 = 27781. What is the thousands digit of a?
1
Suppose -2*d = -5*d - 5*p + 1, 0 = -4*d + p + 9. Suppose -b + 2 = 5, -d*a = -2*b - 50. What is the units digit of a?
2
Let t(x) = -13*x**2 - 201*x - 11. What is the hundreds digit of t(-11)?
6
Let s = 17 + -19. Let q(c) = -c**3 - 2*c**2 - 4*c - 2. Let v be q(s). What is the tens digit of (-4)/v + (-232)/(-6)?
3
Let r be -1*2 + 10/2. Let d(t) = -12*t + 170. Let j be d(14). Suppose 53 = j*c + 3*k, r*c - k = 2*c + 39. What is the tens digit of c?
3
Let l = 2870 - 971. What is the thousands digit of l?
1
Let g(z) be the first derivative of 3*z**5/40 - z**4/4 - 3*z**3 + 6. Let a(s) be the third derivative of g(s). What is the tens digit of a(4)?
3
Suppose -2*q = -m + q + 1, -25 = -4*m + 5*q. Suppose 2*o - 136 = -5*v - m, -o - 4*v = -66. What is the units digit of o?
8
Let k = 740 - 495. What is the hundreds digit of k?
2
Suppose 2*j - 2 = 2. Suppose -4 = -n - 3*o, -4*n = -j*o + 4 - 20. Suppose -g = -2*a - 18 + 4, n*a = -g + 14. What is the tens digit of g?
1
Suppose -4269 - 111 = -h - 2*t, -3*h - 3*t + 13149 = 0. What is the tens digit of h?
8
Let z = -93 - 233. Let n be z/8 - 18/(-24). What is the units digit of ((-16)/n)/(2/170)?
4
Suppose 2*t + 36 = -0. Let i = -2 + t. What is the tens digit of (-505)/i - (-1)/(-4)?
2
Let z = 2244 - 682. What is the tens digit of z?
6
Let n(g) = g**3 - 9*g**2 + 2*g + 7. Let q(f) = 2*f - 31. Let v be q(20). What is the units digit of n(v)?
5
Let x(u) = u**2 - 3*u - 1. Let a be x(4). Suppose -9 = 3*w, -2*p + 35 + 60 = -a*w. What is the tens digit of p?
4
Let x be 6/48*2 - 30/(-8). Suppose 4*s = 4, -3*s - 109 = -3*y - x*s. What is the units digit of y?
6
Suppose -3*w + 54 = 42. What is the units digit of ((-430)/w + -2)*24/(-18)?
6
Let t = 256 - 55. What is the hundreds digit of t?
2
Let v = -97 + 64. Let l = -23 - v. What is the units digit of l?
0
Let y(z) = 88*z - 39. What is the units digit of y(16)?
9
What is the tens digit of (-8)/(-18) + (-98602)/(-126)?
8
Let a = 762 + -451. What is the tens digit of a?
1
Let s = 1972 + 361. What is the hundreds digit of s?
3
Let s = 139 - -76. What is the hundreds digit of s?
2
Let p be (-2 + 6)*4*6/32. Suppose -249 = -p*y - 3*i - 63, 0 = -3*y + 4*i + 172. What is the units digit of y?
0
Let b(v) = -4*v - 19. Suppose -5*s - 20 = 50. What is the units digit of b(s)?
7
Suppose -14*u + 6575 = 3*w - 13*u, w - 2181 = -3*u. What is the units digit of w?
3
Let s(y) be the second derivative of 4*y**3/3 - 12*y**2 - 11*y. What is the tens digit of s(13)?
8
Suppose -2 = 2*d - 4*s, -2*s + 25 = 5*d + 3*s. Suppose -18 = d*a - 219. What is the units digit of a?
7
Let t be (12/9*-12)/(-2). What is the units digit of 24/1 - t/2?
0
Let r = -211 - -2334. What is the hundreds digit of r?
1
Let l be ((-24)/(-9))/(-1)*(-78)/8. Suppose 0 = 19*w - l*w + 294. What is the tens digit of w?
4
Let s(g) = 3*g**2 - 67*g - 61. What is the hundreds digit of s(25)?
1
Let q(b) = -2*b - 15. Suppose -3*i - 2*f = 40, -i - f = -2*f + 5. Let p be q(i). Suppose -h = -3*g + 3, -g = -0*g + p*h - 17. What is the units digit of g?
2
Suppose 4433 = 13*p + 299. What is the hundreds digit of p?
3
Let c(i) = i**3 - 14*i**2 + 8*i - 45. Let k be c(14). What is the units digit of 1/(-4 - -1 - (-202)/k)?
7
What is the hundreds digit of (-15)/6*2 - -512?
5
Let d(o) = -3*o + 167. What is the units digit of d(-35)?
2
Let p = 3 + -5. Let x be -11 - -2 - (-3)/(0 + 1). What is the units digit of (-3 - p)*x/2?
3
Suppose j - 7*d + 4*d = 652, 0 = -4*j + d + 2641. What is the hundreds digit of j?
6
Let h = -1133 + 1583. What is the hundreds digit of h?
4
Suppose -5*a = -3*i - 4, -2*i = -a - 4*i + 6. Suppose 0 = -71*g + 66*g + 10. Suppose a*z = -g*l + 14, -z + 3 = 5*l - 8. What is the units digit of z?
6
Suppose -5*i + 15 = 0, -3*i + i - 14 = -5*u. Suppose 2*c - 4*d - 51 = -9*d, 0 = -4*d - u. What is the units digit of c?
8
Suppose -7*f + 133 = -6*f. Suppose 0 = 8*s - 7*s - f. What is the hundreds digit of s?
1
Suppose -7*c = -4*c + 15. Let i = 34 + c. What is the tens digit of i?
2
Suppose -3*d + 6 = -5*k, -10 = 2*d - 7*d + 2*k. Suppose -3*l = 2*l - 65. Suppose -l - 3 = -d*b. What is the units digit of b?
8
Let l(f) = 3*f**2 + 15*f - 1. Let n(i) = 5*i**2 + 22*i - 1. Let s(v) = -8*l(v) + 5*n(v). What is the units digit of s(12)?
7
Suppose -24 = -7*i - i. Suppose -8 = i*g - 5*g. What is the units digit of g?
4
Suppose -r + 136 = 41. Let p = r - 24. What is the units digit of p?
1
Let z(w) = -68*w + 60*w + w**2 + 4 + 4. What is the tens digit of z(11)?
4
Suppose -2*w - 6 = 0, 6*o - o + 5*w - 2260 = 0. What is the units digit of o?
5
Let h be (-5)/((-5)/32) - (8 - 5). Suppose 555 = 4*c - r, -2*c + 324 = 3*r + h. What is the tens digit of c?
4
Let x(r) = r**2 - 14*r + 23. Let d(b) = b**2 + b - 4. Let u be d(4). What is the units digit of x(u)?
5
Let m(p) be the third derivative of 7*p**4/12 + 7*p**3/6 + 2*p**2. Suppose -9*w + 3*w + 18 = 0. What is the units digit of m(w)?
9
Let n be 15/(-10)*(-12)/9. Suppose -n*i = 19 - 1. What is the units digit of (-2 - i/6)*-2?
1
Let v = -6 - -4. Let i be (7/v)/((-3)/6). Suppose i*k = 12*k - 185. What is the tens digit of k?
3
Let i = 18 - 27. What is the tens digit of 531/i*(1 - 2)?
5
Suppose 8 = 4*r - 8. Suppose -2*w + 0*b + 100 = -4*b, -3*w - r*b + 170 = 0. What is the tens digit of w?
5
Let t(w) be the first derivative of 2*w**2 + 4*w - 13. What is the tens digit of t(10)?
4
Let z(c) = -3*c - 13. Let y be z(-6). What is the units digit of (0 - (y + -2)/3)*-23?
3
Suppose -4*b = -3*z - 462 + 9496, 4*z + b - 12077 = 0. What is the thousands digit of z?
3
Suppose -14*d = -4*s - 15*d + 15792, 0 = -5*d. What is the hundreds digit of s?
9
Suppose -j = -5*j + 280. Let v = 323 - j. What is the units digit of v?
3
Suppose 0 = -3*q + 4*q - 5. Suppose d - 66 = -q*g, 201 = 4*d - 2*g + g. What is the units digit of (d - 8) + 1 + 0?
4
Suppose 0 = -5*a + a - 8. Let l be a*2/((-16)/36). Suppose -l*g + 27 = -8*g. What is the tens digit of g?
2
Let g = -3634 - -6577. What is the units digit of g?
3
Let r = -15 + 20. Suppose 4*k = -2*f - 2*f + 12, -r*k + 17 = 3*f. What is the tens digit of -23*(-4 - f - -2)?
2
Let i = -842 + 1245. What is the units digit of i?
3
Let g(v) = v**2 - v + 3. Let x be g(2). Suppose -x*o + 5*n = 15, 5*o + 2*n - 30 = -2*n. What is the tens digit of 6/(-4) + 79/o?
3
Let j(p) be the third derivative of -6*p**2 - 5/2*p**3 + 0 + 1/6*p**4 + 0*p. What is the units digit of j(9)?
1
Let m(l) = l**3 + 4*l**2 - 17*l + 5. Let n be m(7). Let p = n - 208. What is the units digit of p?
7
Suppose -9*r = -97 - 11648. What is the tens digit of r?
0
Let x(a) be the first derivative of a**3 - 3*a - 1/2*a**2 + 3. What is the units digit of x(-3)?
7
Let h(b) = -50*b - 11. Let n be h(-3). Suppose 141 + n = 2*q. What is the tens digit of q?
4
Suppose -4*t + 7798 = -c, 0 = -5*t - 4*c + 8*c + 9742. What is the units digit of t?
0
Let w(z) = 3*z + 22. Suppose -2*q + 12 = -0*q. What is the units digit of w(q)?
0
Suppose -184 = 2*g - 1264. What is the hundreds digit of g?
5
Let w = 20 + 39. Let o = 28 + w. What is the units digit of o?
7
Let b be 6/(-9) - 166/(-6). Let k be (-3)/21 + 165/77. Suppose -b = -5*r + k*r. What is the units digit of r?
9
Suppose 73 = 3*t - 32. Let c(f) = f**3 + 6*f**2 - 6*f + 10. Let h be c(-7). Suppose 4*a = z, 0*z - z - h*a = -t. What is the units digit of z?
0
Suppose 1487 + 5793 = 14*h. What is the tens digit of h?
2
Let w(v) = -1438*v + 92. What is the units digit of w(-2)?
8
Let d(h) = h**3 + 7*h**2 - 2*h - 6. Let c = -24 + 14. Let v = c - -4. What is the tens digit of d(v)?
4
What is the tens digit of (-105)/(-42) + (-14754)/(-4)?
9
What is the hundreds digit of (-1)/4 + 260449/116?
2
Let q(g) = -11*g - 1. Let n be q(-1). Suppose 3*w - 3 = 3*c, -3*w = -c + w - n. What is the units digit of 0 - 24/(-1) - c?
2
Let v(y) = -7*y**2 + y - 8. Let h(g) = -13*g**2 + 3*g - 15. Let s(l) = -6*h(l) + 11*v(l). Let f be s(7). Suppose -48 = -f*x + 24. What is the tens digit of x?
3
Let w = 34 + -14. Suppose 10 + w = 6*t. What is the units digit of t?
5
Let v(